ose 3*r = 12*r - 54. Calculate the greatest common divisor of r and 24.
6
Suppose 3*n = -5*k + 188, k = -2*k + 12. What is the greatest common divisor of n and 7?
7
Let j = -60 + 74. What is the highest common factor of j and 154?
14
Suppose 4*b - 2*k - 5 - 23 = 0, 3*k = 3*b - 27. Suppose -q + b = 1. Let z(c) = -c**2 + 5*c + 4. Let n be z(q). What is the greatest common factor of n and 40?
8
Suppose 7*o - 582 = -3*z + 4*o, -590 = -3*z - o. What is the highest common factor of 22 and z?
22
Suppose -3*w + 24 = 3*z, 0*w - 5*w = -3*z. What is the greatest common factor of w and 9?
3
Let q(k) = 2*k**2 - 8*k + 4. Suppose -6*o + 2*o = -20. Let t be q(o). Calculate the highest common factor of t and 7.
7
Suppose 5*i = -4*z + 3, 0 = -4*i + z + 12 + 3. Let f be (0/i - 3) + 13. What is the highest common divisor of 80 and f?
10
Let z(b) = -5*b. Let m be z(-5). Suppose -5*s + 15 = -0*s. Suppose -s - 12 = -3*i. Calculate the greatest common factor of i and m.
5
Let b(g) = -g + 13. Let v be b(6). Suppose 0*x - v = -3*x + w, 4*x = 2*w + 6. Let h be (-30)/x*(-4)/3. What is the highest common factor of 90 and h?
10
Let a = 96 + -21. Suppose -4*l - l = -a. Let x be (-1)/(((-1)/1)/15). Calculate the highest common divisor of l and x.
15
Let h be (-2 + 0)/(4/(-38)). Suppose 0 = -12*w + 14*w + 8. Let d be (-2)/(909/228 + w). What is the highest common divisor of h and d?
19
Let g(c) = 2*c**2 + 4*c + 2. Let i be g(-4). Let y = 153 - 9. What is the highest common factor of y and i?
18
Let b be 7*(432/(-28))/(-3). What is the highest common factor of b and 4?
4
Suppose 0 = -f + 4*f - 72. What is the greatest common factor of 16 and f?
8
Let s = -12 - -17. Let c(l) = 13*l + 7. Let m be c(s). What is the greatest common divisor of 9 and m?
9
Let b be -6*(-1)/3*(-234)/(-4). Suppose x = 11 - 1. Suppose 5*l = 55 + x. What is the greatest common divisor of b and l?
13
Let l be ((-15)/(-1))/((-3)/(-40)). Calculate the greatest common factor of l and 20.
20
Let t be (2 - 8/3)*-6. Suppose 5*a - 6 = t. Calculate the greatest common factor of a and 10.
2
Suppose i - 120 = 5*i. Let l be (-396)/i + (-1)/5. Calculate the highest common divisor of 52 and l.
13
Let q(h) = -h**2 + 11*h - 12. Let z be q(4). Calculate the greatest common divisor of z and 8.
8
Suppose 0 = 4*d - 35 - 77. What is the greatest common factor of d and 70?
14
Let k(l) be the first derivative of 61*l**2/2 + 2*l + 1. Let y be k(1). What is the greatest common factor of 7 and y?
7
Let g = -2 + 4. Let j be (3 - 2)*g + 1. Suppose -5*z - 4*q + 98 = 0, -j*q + 4 + 2 = 0. What is the greatest common factor of z and 9?
9
Suppose -3*v = -5*u - 20 - 11, -18 = -2*v + 2*u. Suppose -5*m + 3 = -v. Calculate the highest common factor of 18 and m.
2
Suppose 5*s + 2*j + 0*j = 74, -4*s = -4*j - 76. Let n = 3 - -1. Suppose -n*f - q = 2*q - 17, -3*f + q + 29 = 0. What is the highest common factor of f and s?
8
Let c be 0*(-1*3)/3. Suppose c = k + 4, -3*h - 4*k + 98 + 30 = 0. What is the greatest common factor of h and 6?
6
Suppose -5*q - 32 = -132. Suppose -2*l + 2 = 0, 0 = -s - 3*s + 3*l + 237. Calculate the greatest common factor of q and s.
20
Let m be 345/7 - (-4)/(-14). Let s = -27 + m. Suppose 2*b - 11 = 11. What is the greatest common divisor of s and b?
11
Suppose -96 = -3*j - j. Let m be -8*(-1)/(3/6). What is the greatest common factor of m and j?
8
Suppose -2*z - 32 = -6*z. Let t(o) = 15*o - 1. Let k be t(-2). Let j = -15 - k. Calculate the highest common factor of z and j.
8
Suppose 615 = 4*r + 5*y, 4*r - 2*y = -y + 621. What is the greatest common factor of r and 62?
31
Let y = -4 + 6. Let b(x) = 2*x**2 - 4*x + 3. Let l be b(y). Suppose -5*z + 38 = 2*f, 2*z - 3*z = -3*f + 74. Calculate the highest common divisor of l and f.
3
Suppose -2*v - 8 = 5*y, -5*y + 4*y = 3*v - 14. Suppose 3 - v = -5*o - 2*s, 0 = -o - 2*s - 1. Calculate the greatest common factor of 10 and o.
1
Suppose 32 = v - h, -6*v + 64 = -4*v + 3*h. What is the highest common factor of v and 48?
16
Let j = 20 + -17. Let a be (j - 0) + -3 + 8. Calculate the highest common factor of a and 64.
8
Let s(k) = -k**3 + 2*k**2 + 3*k - 3. Let a be s(2). Suppose 0 = p + i - 27, -a*p + 0*p - 5*i + 81 = 0. What is the highest common factor of 9 and p?
9
Let o be 5/15 + (-1)/3. Suppose -499 = -3*x - o*x - 4*v, 5*x = 3*v + 822. What is the greatest common factor of x and 15?
15
Let p = -303 - -435. What is the greatest common factor of p and 88?
44
Suppose 0 = -2*m + 4*m + 52. Let c = -5 - m. Calculate the greatest common factor of c and 7.
7
Let q = -63 + 101. Let d = 118 + -23. What is the greatest common divisor of q and d?
19
Let t(s) = -2*s + 4. Let u be t(-4). What is the highest common divisor of 12 and u?
12
Suppose -2*c = c - 726. Suppose -5*d + 2*z + 296 = 0, d + z = -3*d + c. What is the highest common divisor of 24 and d?
12
Suppose -t - 2*t - 3*u + 57 = 0, -2*t + u = -53. Let h = -9 + t. What is the greatest common divisor of h and 6?
3
Let u(j) = 6*j - 12. Let g be u(3). Calculate the greatest common divisor of 18 and g.
6
Suppose 8 = h - 1. Suppose -2*a - 1 + 5 = 0. Suppose 4*f = -a*i + 4*i - 18, 0 = 5*f. Calculate the greatest common factor of h and i.
9
Suppose 0 = p - 2. Suppose 158 = 2*j - 5*x, -p*x - 80 = -2*j + j. Calculate the greatest common factor of j and 12.
12
Suppose -w - 2*v - 5 = 0, -4*w - 3*v = -0*w - 5. Suppose -4*c = 5*t - 145, -4*c - 3 - 77 = -4*t. What is the highest common factor of t and w?
5
Let u(z) = -32*z + 2. Let r be u(-4). Suppose -c - 4 = 0, -34 = -l + c + c. Calculate the greatest common factor of r and l.
26
Let y(v) = -70*v**2 + 69*v**2 + 167*v**2 - v. Let x be y(1). Calculate the highest common factor of 15 and x.
15
Let i(y) = 2*y**3 - y**2 - y + 54. Let k be i(0). Let l(d) = 8*d + 2. Let q be 3*4/(-6) - -4. Let n be l(q). Calculate the highest common factor of n and k.
18
Let f(b) = -b**3 + 5*b**2 - 3*b + 3. Let o be f(3). What is the highest common factor of o and 96?
12
Let r be ((-2)/4)/((-2)/636). Let t = r + -285. Let i be t/(-12)*8/6. What is the highest common divisor of 112 and i?
14
Suppose -4*l + 84 = -4*f, -4*l - 2*f = -78 - 18. Let n be 4/(-14) - l/(-7). Suppose n*j + 2 = 5. Calculate the greatest common divisor of 7 and j.
1
Let o(x) = x**3 - 3*x**2 + 3*x - 3. Let p be o(3). What is the highest common divisor of p and 54?
6
Suppose -18 = 3*n + 5*m, 5*n = 2*m + 4 - 3. Let a be (0/n)/(4 + -2). Let x be 6/(a + 4/22). What is the greatest common divisor of x and 11?
11
Suppose 15 - 3 = 4*y. Calculate the highest common factor of y and 9.
3
Let n(j) = -j**3 + 8*j**2 - 4*j - 1. Let z be n(7). Calculate the highest common divisor of z and 160.
20
Let r = 359 - 214. Calculate the greatest common factor of 5 and r.
5
Suppose -5*b + 85 = 25. Let p be (-4)/6 + 760/(-12). Let c be p/(0 - 4/6). Calculate the highest common factor of b and c.
12
Let q = 71 + 17. Let y(x) = -22*x**3. Let a be y(-1). Calculate the greatest common divisor of a and q.
22
Let y = -51 + 36. Let h = -11 - y. Calculate the highest common divisor of 2 and h.
2
Suppose 11 = 3*b - 28. Let i = b + -3. Calculate the greatest common divisor of 25 and i.
5
Let q = -2 - -2. Let p(x) = -x**3 + 9. Let v be p(q). Suppose v = g - 15. What is the highest common divisor of 16 and g?
8
Suppose -5*s - 1 = -6. Suppose 5*m + 10 = 5*n, -5*m - n = -3*n + s. Suppose 0 = x - m, -4*l - 2*x = -x - 133. What is the greatest common factor of l and 22?
11
Let r be (2/6*0)/(-1). Suppose -4*a + 2 + 6 = r. Let x be (a/(-4))/((-1)/40). Calculate the greatest common divisor of 5 and x.
5
Let t(o) = o**2 - 6*o + 7. Let r be t(5). Suppose 0 = r*s - 4*n - 24, -6*s + 3*s = -2*n - 48. What is the greatest common divisor of 54 and s?
18
Let n = -100 + 170. Calculate the greatest common factor of n and 14.
14
Let w = -15 + 21. Let s = 4 + -7. Let f(z) = -z**3 - 4*z**2 - 4*z. Let h be f(s). Calculate the highest common divisor of w and h.
3
Suppose 2 = 20*s - 19*s. Suppose -s*l + 40 = -l. Calculate the highest common factor of 10 and l.
10
Suppose -3*f = -f - 2. Suppose 3*s + 2 = -f. Let t be s*(-1 - 0)/1. Calculate the greatest common factor of 5 and t.
1
Let t = 1 + 2. Let g be 3*t - (5 + -4). What is the greatest common factor of 20 and g?
4
Let j(m) = 37*m**2 + 1. Let s be j(1